 r(-1). Suppose 0 = i*f + 5*f + 34. Calculate k(f).
-10
Let q(b) = -1 + 3*b**2 + b + 0*b + b**3 + 0. Let f be (4/6)/((-14)/42). Calculate q(f).
1
Suppose -4*l = -2*a + 2, -2*l + a = 2*a - 9. Let p(n) = 0*n - 4 + l*n - 3*n + 2*n. Determine p(7).
3
Let l(o) = 240*o - 28 + o**2 + 30 - 234*o. Determine l(-6).
2
Let c be 33 + 4 + (1 - 2)*2. Let y = c - 29. Let j(d) = -d**3 + 7*d**2 - 6*d - 3. Give j(y).
-3
Let y(v) = 0 - 3 + 3*v - 7*v. Let l be 6/(-3)*21/(-14). Suppose -2*a + l*t = 9, -5*t = 3*a - 2*t + 6. Determine y(a).
9
Let y = -336 + 327. Let o(b) = -3*b - 22. What is o(y)?
5
Let q(z) = 5*z - 34. Suppose -439 + 489 = 10*h. Give q(h).
-9
Suppose -3*i - 4*q - 10 + 12 = 0, 3*q = i + 21. Let b(o) be the second derivative of 1/2*o**2 + 5/6*o**3 + 0 - 2*o + 1/12*o**4. Give b(i).
7
Let n(o) = o**3 + 6*o**2 + 5*o + 2. Suppose 0*h = 2*h + 10. Let i be (-18744)/(-60) + 2/h. Let f be i/(-64) + 2/(-16). What is n(f)?
2
Let o(t) be the second derivative of -7*t**5/20 + t**3/6 + 3*t + 38. Let h = 12 - 7. Let g(y) = y**3 - 6*y**2 + 4*y + 4. Let j be g(h). What is o(j)?
6
Let f(t) = -t**2 + t + 3. Let j be f(0). Let o(v) = 11*v - 21*v + 0*v**2 - v**2 - j + 8*v. Suppose -x = 2*y - 5*x - 4, 0 = 4*y - 2*x + 10. Calculate o(y).
-11
Suppose -31*y + 30*y = 0. Let b(g) be the first derivative of 8*g + 8 - 1/2*g**2 + 1/3*g**3. Determine b(y).
8
Let i(a) = a + 2. Let w be (-57)/(-76) - (0 + (-11)/(-4)). What is i(w)?
0
Let x(p) = -29*p + 49*p - 7*p - 12*p + 4. Calculate x(4).
8
Let i(k) = 13*k**3 + 30*k**2 + 34*k + 56. Let z(q) = -30*q**3 - 60*q**2 - 69*q - 112. Let g(d) = 7*i(d) + 3*z(d). Determine g(-29).
-2
Let b(j) be the second derivative of -j**3/6 + j**2/2 + 5*j. Let z be (6 - 224/35)*5/2. Calculate b(z).
2
Let h(c) = -6*c + 29. Let n be h(7). Let l(s) = s**2 + 15*s + 25. Let m be l(n). Let d(v) = 3*v**3 - 1. Give d(m).
-4
Let o = 21 - 2. Let x be (10/16*-2)/(o/(-76)). Let j(k) = 6 - 5 + 5 + k**2 - 5*k. Determine j(x).
6
Suppose -78*c + 74*c = -24. Let y(i) be the third derivative of -i**6/720 + i**5/60 + i**4/12 - 2*i**2. Let o(n) be the second derivative of y(n). What is o(c)?
-4
Let g(t) = -t - 1. Let b be g(-11). Let c = b - 8. Let y(o) = -o**c - 4 - 4*o + 0*o**2 - 3 + 0*o. Calculate y(-5).
-12
Let y(w) be the first derivative of 2*w**2 - 34*w + 2. Let l(v) = v - 7. Let a(q) = -14*l(q) + 3*y(q). Calculate a(-3).
2
Let z(b) = -14*b**3 + 32*b**2 - b - 27. Let j(v) = -5*v**3 + 11*v**2 - 9. Let d(p) = -17*j(p) + 6*z(p). Calculate d(-6).
-9
Let f(v) = 11*v - 2. Let l(t) = -5*t + 3 - 3*t - 15*t. Let i(w) = -5*f(w) - 3*l(w). Give i(-1).
-13
Let k(v) = -8*v + 4. Let p be k(6). Let y be (-341)/p - (-6)/(-8). Suppose 0 = 6*i - y*i - 6. Let f(w) = -w**2 - 8*w - 9. Calculate f(i).
3
Let u(s) be the second derivative of -7*s**3/3 + 2*s**2 - 55*s - 7. What is u(-2)?
32
Suppose -9*b - 660 = -20*b. Suppose -4*w - b = 11*w. Let g(i) = -i**2 + 2*i - 1. Calculate g(w).
-25
Let r = -399 + 398. Let o(f) = -7*f**2 + f. Determine o(r).
-8
Let w = -656 + 644. Let j(r) = -r**2 - 10*r + 28. Calculate j(w).
4
Suppose 112*f = 114*f - 2. Let k(n) = 14*n**2 - 6. Let v(l) = 13*l**2 - 5. Let d(o) = -4*k(o) + 5*v(o). What is d(f)?
8
Let z = 10 - 12. Let d(b) be the third derivative of 0*b + 0 + 0*b**3 - 6*b**2 + 0*b**5 - 1/120*b**6 + 1/24*b**4. Calculate d(z).
6
Suppose 0 = -5*b + 2*b + 12. Let l(x) be the first derivative of -x**3/6 - 2*x**2 + 5*x - 10. Let d(w) be the first derivative of l(w). Give d(b).
-8
Let q(r) be the first derivative of -30 - r - 3/2*r**2. Calculate q(-4).
11
Let r(c) = 0*c + 18*c**3 + 5*c**3 - 6 - 24*c**3 - 2*c - c**2. Give r(-4).
50
Let k(o) be the third derivative of 6*o**2 - o**3 - 1/60*o**5 + 5/24*o**4 + 0 + 0*o. Give k(4).
-2
Let q(z) = -z**3 + 7*z**2 + 8*z - 5. Let k = 26 + -22. Suppose -k*r = 9 - 41. Calculate q(r).
-5
Let z(q) = -4*q - 1. Suppose 2*o + 4*y - 6 = 0, -4*o - 3 = -5*o - y. Suppose -10 = -o*g - 13. Give z(g).
3
Let u(v) = 154*v**2 - v - 167*v**2 + 14*v**2 + 1. Calculate u(-2).
7
Let o(x) = x**3 + x**2 - 3*x - 1. Let j(k) = -k**3 + 10*k**2 - 18*k + 78. Let c be j(9). What is o(c)?
-10
Let c(z) = -3*z - 4. Let j(m) = 8*m**2 - 2*m + 2. Let r be j(1). Let p(u) = -u**3 + 7*u**2 + 9*u - 11. Let i be p(r). Determine c(i).
5
Let w(x) = x + 1. Let r = 6 + -4. Suppose 0 = -h - 2*d + 13, -5*h - 6*d + 41 = -2*d. Suppose 23 + r = h*l. Determine w(l).
6
Let y(f) be the first derivative of -f**4/4 + f**3 + f**2 - 3*f - 185. Give y(3).
3
Let s(r) = r**2 - 8*r + 5. Let b(d) = -2*d**2 + 17*d - 11. Let m(j) = 2*b(j) + 5*s(j). Let n be (-15)/(1050/(-476)) + (-4)/5. Determine m(n).
3
Let u(c) be the second derivative of -3/2*c**2 + 1/6*c**3 + c + 0. Determine u(8).
5
Suppose 4*n = -18 + 50. Let i(f) = -7*f**3 + f**2 + 2*f - 1. Let a(z) = z**3 + z**2 + z - 1. Let v(r) = -6*a(r) - i(r). What is v(n)?
7
Let g(a) be the third derivative of a**6/180 + a**4/24 + 5*a**3/3 - 14*a**2. Let v(b) be the first derivative of g(b). What is v(-1)?
3
Let w(s) = -6*s**2 - 26*s - 11. Let l be w(-4). Let n(g) = -3*g**2 - 8*g + 3. What is n(l)?
0
Let z = 81 - 56. Let h = z - 25. Let u(n) = 9 - n - n**3 + 15*n**2 - 15*n**2. Calculate u(h).
9
Suppose -3*k + 4*t = -16, 142*k - 138*k + 4*t + 16 = 0. Let c(v) = v - 27. What is c(k)?
-27
Let i(f) = 2*f**3 - 2*f**2 - f + 2. Let o(w) = 4*w + 1. Let v be o(2). Let j(q) = q**2 - 9*q + 2. Let d be j(v). Determine i(d).
8
Let w(i) = i**2 - 11. Let h = 3 - -3. Suppose -h*x = -7*x. Calculate w(x).
-11
Suppose -2*r + 72 = 80. Let j(p) = -2*p**2 - 3*p + 3. Give j(r).
-17
Let h(v) = v - v - v - 14 + 0*v. Let q be (4/(-5))/(12/90). Give h(q).
-8
Let o(w) = 4*w + 4. Let x be 546/105 + 1/(-5). Suppose x*n - 1 = 3*j, -j - 7 = -6*j + 4*n. Calculate o(j).
16
Let v(f) = 2*f - 3. Let w(n) = n - 2. Let a(h) = -3*v(h) + 7*w(h). Let g be 4*1/(-2) + 9. Calculate a(g).
2
Let o = -57 - -53. Let x(v) = v**2 + 6*v + 3. Determine x(o).
-5
Let a(l) = -l**2 + 8*l - 8. Let n(b) = -b**3 + 13*b**2 - 8. Let q be n(13). Suppose -4*i - 4*p = i + 75, -i + 3*p = 15. Let y = q - i. What is a(y)?
-1
Let c(n) = 3*n + 4. Let q(u) = 2*u + 5. Let o(k) = 3*c(k) - 4*q(k). Let g(r) = -r**3 + 5*r**2 - 5*r + 26. Let l be g(5). Let i be (1 - l)*(-9)/18. What is o(i)?
-8
Let t(v) = 614*v - 309*v - 277*v. What is t(-2)?
-56
Let m(d) = -5*d - 3. Let p(z) = 2*z - 3*z - 15 + 16. Let b be p(-3). Give m(b).
-23
Let h(z) = 20*z**2 - 59*z - 9. Let l(q) = 9*q**2 - 27*q - 4. Let m(r) = 3*h(r) - 7*l(r). Calculate m(5).
-14
Let w(v) be the third derivative of v**5/60 + v**4/6 + 2*v**3/3 - v**2. Let r = -35 - -43. Suppose -r = -q - 12. Determine w(q).
4
Let m(t) = 2*t - 8. Suppose -2*p = 0, -5*n - 11 = 2*p - 41. Let h be m(n). Let v(w) = 8*w + 3. Let i(u) = u + 1. Let f(k) = -6*i(k) + v(k). Calculate f(h).
5
Let s(z) be the first derivative of -3*z**2/2 - 3*z - 80. Suppose -3*r + 20 = -4*x, -r + 5*r = 0. What is s(x)?
12
Let o(k) = 2*k + 9 - 3864*k**2 - 11*k + k**3 + 3857*k**2. Give o(8).
1
Let p be (-12)/8 - (-11)/2. Let u(s) = s**3 - 5*s**2 + 2*s + 1. Give u(p).
-7
Let f(w) = -w**3 - 23*w**2 - 23*w - 15. Suppose -3*p + 2*p - 3*j - 28 = 0, -4*j = -5*p - 102. Let k be f(p). Let d(s) = s**3 - 6*s**2 - 4*s - 8. Give d(k).
13
Let v be 32/5 - 7 - 54/(-15). Let j(f) = 9*f. What is j(v)?
27
Let g(o) = -26*o - 7. Let t(i) = 21*i + 8. Let s(z) = -4*g(z) - 5*t(z). Let j = -2 + 4. Let q = j + -7. Calculate s(q).
-7
Let u(q) = q**2 + 4*q + 5. Let y be u(-4). Suppose r + y = 2*r. Suppose 2*k + l + 1 = 0, -2*k + k - r*l = -13. Let a(v) = -3*v**2 - 2*v + 2. Give a(k).
-6
Let m(v) = v + 3. Let p(w) = -4*w + 2. Let z(s) = 3*m(s) + p(s). Let b(o) = -o + 10. Suppose 0 = -f + 2*f - 4. Let h(x) = f*b(x) - 5*z(x). Give h(0).
-15
Suppose 4*g + 9 = -19. Let b be 10*(g/(-2) - 3). Let z(x) = x + 3*x - b*x - 2. What is z(-8)?
6
Suppose 0 = 7*n - 15 + 1. Let u(m) = 36*m**n - 79*m**2 + 42*m**2. Determine u(0).
0
Let w be -1*-3*(-15)/(-9). Let l(c) be the first derivative of c**3/3 - 5*c**2/2 - 5*c + 3. What is l(w)?
-5
Suppose -h + 24 = 4*m + 5, -5*h - 20 = -3*m. Let g = m + -2. Let i(v) = -9*v - 8. Let r(b) = 5*b + 4. Let a(x) = 6*i(x) + 11*r(x). Determine a(g).
-1
Let b(c) = 6*c + 1. Suppose p + 1 - 4 = -3*o, -p + 3 = -2*o. Calculate b(p).
19
Let t(h) = 5*h + 9 + 11 - 22. Determine t(-6).
-32
Let q(r) = -2*r - 14. Let s(m) =